-x + 2 = -2*o + 3, x + 3*o - 9 = 0. What is the remainder when q(-1) is divided by x?
2
Let r be (-6)/10 + (-51)/15. Calculate the remainder when (-30)/(-3) + 1 + r is divided by 3.
1
Let g(n) = -3*n - 63. What is the remainder when g(-24) is divided by 3?
0
Suppose -w - 15 = -4*w. Suppose 0 = -w*s + 86 + 739. Suppose 4*x - s = x. What is the remainder when x is divided by 19?
17
Suppose 2*n - 4 = -3*a + 2, -4*a = 0. Suppose 3*c - 36 = h, c - 5*c + 48 = -n*h. Calculate the remainder when 1*(3 + -2 - -44) is divided by c.
9
Suppose 3*n + 11 = -73. Let l = n + 17. Let h = -4 - l. What is the remainder when h is divided by 3?
1
Let t = -19 + 28. What is the remainder when t is divided by 4?
1
Let g(d) = 3*d**2 - d - 2. Let t(u) = -u**2 - 7*u - 6. Let k be t(-8). Let l = k - -22. Calculate the remainder when g(3) is divided by l.
6
Suppose 2*j - 23 = 7. Suppose -w + 2*t = 3*w - 228, -t + 118 = 2*w. Suppose 0 = y + y - w. What is the remainder when y is divided by j?
14
Calculate the remainder when (-40)/4*231/(-14) is divided by 28.
25
Let p = -2 - -2. Suppose 5*h - 3*j = -p*j + 15, 0 = -2*j. What is the remainder when h is divided by 4/(-6)*(-3)/2?
0
Let z = 3 + 0. Suppose 3*y = -2*q + 3 + 7, -y - 3*q + 1 = 0. Suppose -y*h = -26 + 10. What is the remainder when h is divided by z?
1
Let f be ((-4)/(-5))/((-4)/(-30)). What is the remainder when 2 is divided by 4/(-6) - (-10)/f?
0
Let n = -25 - -19. What is the remainder when 16 is divided by 15/2 - (-9)/n?
4
Let c(j) = -43*j + 1. Let h be c(-2). Let d = h + -53. Calculate the remainder when d is divided by 9.
7
Suppose -2*q + 197 = 3*u, 3*u - 339 = -2*u + 2*q. What is the remainder when u is divided by 10?
7
Calculate the remainder when 41 is divided by (-17)/(-34) - 42/(-4).
8
Calculate the remainder when 201 is divided by 1/7 - 1896/(-56).
31
What is the remainder when (-628)/(-12) + 3 - 4/12 is divided by 19?
17
Let a(u) = 4*u + 4. Let g be a(4). What is the remainder when 27 is divided by 105/g*16/6?
13
Suppose -2*c = 3*y - 80, y = -2*y - 4*c + 82. What is the remainder when y is divided by 9?
8
Suppose 2*q - 54 = -4*q. Calculate the remainder when 25 is divided by q.
7
Suppose 2 = -c - 3*p - 4, 2*c - 23 = p. Calculate the remainder when 80/15 + 6/c is divided by 3.
0
Suppose -3*w - 7 = -4*w - 2*x, 43 = 5*w + 2*x. Suppose 2*t - 48 = -2*p, 4*p - 2*t + 4*t = 88. What is the remainder when w/(-12) + (-155)/(-4) is divided by p?
18
Let t(k) = -k**2 + k + 2. Let d be t(2). Suppose -2*i + d + 2 = 0. Calculate the remainder when 1 is divided by i.
0
Calculate the remainder when 48 is divided by (-18)/27 - 53/(-3).
14
Suppose -4*a = 0, h - 2*a - 2 = -4. Let m be 24/20*(-5)/h. Suppose -2*b - 14 = -m*j, j + 3*b + 23 = 6*j. Calculate the remainder when 11 is divided by j.
3
Suppose 0 = -5*l + 3*u + 51, -9 = -5*l + 4*l + u. Let j = 73 + -27. What is the remainder when j is divided by l?
10
Let l(s) = -s**2 + 15*s + 2. Calculate the remainder when l(15) is divided by 2.
0
Let r = -37 - -63. What is the remainder when 48 is divided by r?
22
Let a = 12 - 5. Let c = -6 + a. Calculate the remainder when 20 is divided by 7 + 1/1 - c.
6
Let b be (2/(-4))/((-1)/24). Suppose 3*g = 2*g + b. What is the remainder when 22 is divided by g?
10
Let k(w) = 4*w**2 + 8*w - 3. Calculate the remainder when k(4) is divided by 47.
46
Let j(s) = s**3 + 4*s**2 - 5*s + 6. Suppose z + 8 = 5*a - z, -5*z - 5 = -5*a. Calculate the remainder when j(-5) is divided by a.
0
Let i = -28 + 13. Let d = 21 + i. Let v(j) = 4*j - 5. Calculate the remainder when v(4) is divided by d.
5
Let q = 23 - -26. Calculate the remainder when 142 is divided by q.
44
Let i = 24 - 24. Suppose 2*v - 3*x = 67, 5*v + 3*x - 162 - 37 = i. What is the remainder when v is divided by 14?
10
Suppose -4*j + 29 = -5*n - 19, 0 = 4*n. Calculate the remainder when 512/j - (-2)/(-3) is divided by 11.
9
Let m = 103 - 59. Let c be (-36)/m + 4/(-22). Let g = 17 + c. What is the remainder when g is divided by 6?
4
Let h(t) = -2*t - 7. Let p be h(-13). Let a = -15 + p. Suppose -5*l - 3*v + 17 + 26 = 0, -4*l + 2*v = -52. What is the remainder when l is divided by a?
3
Let o = -94 + 149. Let q = 42 + -23. Calculate the remainder when o is divided by q.
17
Let l(j) = -5*j. What is the remainder when l(-4) is divided by 11?
9
Suppose 6*o - 4*o = 4. Let w be ((-6)/3 + 12)/o. Suppose -4*r - w*z + 22 = -3*z, -37 = -4*r + z. Calculate the remainder when r is divided by 5.
3
Suppose -36*r = -40*r + 76. Calculate the remainder when 74 is divided by r.
17
Let z = 140 + -114. What is the remainder when z is divided by 2?
0
Calculate the remainder when (3 - (-6)/(-3))*43 is divided by 15.
13
What is the remainder when 4 + -2 + (15 - 3) is divided by 8?
6
Let h(m) = -15*m**2 + 2*m + 1. Let o be h(-1). Let b = 42 + o. Suppose 4*d - 19 = 2*d + 3*s, 0 = -d - 5*s + 29. Calculate the remainder when b is divided by d.
12
Let n(x) = 5*x**3 + x**2 - x + 1. Calculate the remainder when 11 is divided by n(1).
5
Let b(c) = -c**2 + 7*c + 11. Let j be b(8). Suppose w - 3 - j = -t, -4 = 4*w - 3*t. Suppose 2*s - w - 8 = 0. Calculate the remainder when s is divided by 2.
1
Let v(k) = k**3 - 4*k**2 + 2*k - 3. Suppose -u = -0*u - 4. What is the remainder when 8 is divided by v(u)?
3
Let r(y) = y**3 + 9*y**2 + 5*y + 8. Calculate the remainder when r(-7) is divided by 18.
17
Let g(a) = -3*a**3 + 4*a**2 - 5*a + 1. Let i be g(4). Let t = 210 + i. What is the remainder when t is divided by 33?
30
Let j(h) = -h**2 - 13*h + 9. Calculate the remainder when 67 is divided by j(-13).
4
Let y(u) = u**3 + 6*u**2 + 4*u + 3. Let n be y(-6). Let q = -6 - n. What is the remainder when q is divided by 8/(-3)*(-9)/6?
3
Suppose 0 = -3*l - 39 + 15. Calculate the remainder when 6 is divided by (l/5)/((-6)/15).
2
Suppose 0*j = -j + 9. Calculate the remainder when 32 is divided by j.
5
Let r(l) = l**2 - l. Suppose 4*s - p - 2*p - 14 = 0, p = -s. What is the remainder when r(s) is divided by ((-1)/(-3))/(3/9)?
0
Suppose -p = 2*b + 2 - 6, -3*b = 4*p - 11. Let z(q) = -q**3 - 7*q**2 + 9*q + 11. Calculate the remainder when z(-8) is divided by p.
1
Let x = -14 + 14. Suppose -2*v + 24 = 2*s, -v + x*v - 21 = -2*s. Calculate the remainder when 19 - (-1 + (0 - 0)) is divided by s.
9
Let s(o) = 100*o + 10. What is the remainder when s(1) is divided by 14?
12
Let u(d) = 2*d + 6. What is the remainder when 11 is divided by u(0)?
5
Suppose 6 = -5*v + 4*j, -v + 3*j - 5 = 5. Let p be 2/4*3*v. Suppose p*r - 7*r = -128. What is the remainder when r is divided by 11?
10
Let t(z) = -z**3 + 9*z**2 - 42. Calculate the remainder when t(7) is divided by 29.
27
Suppose 0 = 2*l + 4 - 48. Calculate the remainder when l is divided by 15.
7
Suppose -6 = -3*m - 0*m. Suppose -3*x = m*x. Suppose 4*h + 20 = 3*v - x*v, 0 = 4*v - 2*h - 40. What is the remainder when v is divided by 5?
2
Calculate the remainder when (-2 + 3)*1 - -45 is divided by 12.
10
Calculate the remainder when (-3)/(-2 + 1) - -18 is divided by 6.
3
Let b = 89 + -52. Calculate the remainder when b is divided by 8.
5
Let n be (18/12)/(6/(-56)). Calculate the remainder when (-4)/(-5)*(-945)/n is divided by 19.
16
Suppose -29 = -2*i + 4*l + 5, 4*i - l - 103 = 0. Calculate the remainder when i is divided by 10.
7
Suppose 0 = -5*f + 2*f. Let u(m) = -3*m + 0*m + f + 0 + 1. Calculate the remainder when u(-5) is divided by 6.
4
Let f(g) = g**2 - 9*g - 6. Let b be f(10). Suppose -14 = b*m - 86. What is the remainder when m is divided by 5?
3
Calculate the remainder when 44 is divided by 4 + (1 + 43)/4.
14
Suppose -4*t + 5*q = 7, -5*t + 13 = -0*q + q. Suppose 5*u = -4*j + 2, -3*u + 0*u - 5*j - 4 = 0. Calculate the remainder when t is divided by u.
0
Calculate the remainder when (-4710)/(-54) - (-1 + 22/18) is divided by 11.
10
Let f be (-1 - -5)/(1/2). Suppose -16 = -2*g + f. What is the remainder when 23 is divided by g?
11
Let v(c) = -c**2 + 7*c + 9. Let z be v(9). Let s = 15 - z. What is the remainder when s is divided by 13?
11
Suppose -23 = -2*j + 7. Calculate the remainder when 28 is divided by j.
13
Let b = 24 + -9. What is the remainder when 57 is divided by b?
12
Let j be (4/10)/(2/20). Suppose 0 = j*b - 113 - 11. Calculate the remainder when b is divided by 11.
9
Suppose 2*v - 2*c = 12 - 2, 